 when 6004 is divided by 5?
4
What is the remainder when 1200 is divided by 151?
143
What is the remainder when 1135 is divided by 106?
75
Calculate the remainder when 647 is divided by 59.
57
Calculate the remainder when 15178 is divided by 11.
9
Calculate the remainder when 41 is divided by 11.
8
Calculate the remainder when 2136 is divided by 61.
1
Calculate the remainder when 1051 is divided by 346.
13
Calculate the remainder when 290 is divided by 83.
41
What is the remainder when 1117 is divided by 26?
25
What is the remainder when 106 is divided by 29?
19
What is the remainder when 2696 is divided by 45?
41
Calculate the remainder when 25 is divided by 20.
5
Calculate the remainder when 100 is divided by 6.
4
Calculate the remainder when 41 is divided by 15.
11
What is the remainder when 314 is divided by 92?
38
Calculate the remainder when 51 is divided by 14.
9
What is the remainder when 15 is divided by 7?
1
Calculate the remainder when 168 is divided by 13.
12
Calculate the remainder when 210 is divided by 56.
42
What is the remainder when 1393 is divided by 34?
33
Calculate the remainder when 110 is divided by 54.
2
Calculate the remainder when 117 is divided by 30.
27
Calculate the remainder when 648 is divided by 89.
25
What is the remainder when 2949 is divided by 8?
5
Calculate the remainder when 41 is divided by 15.
11
What is the remainder when 210 is divided by 53?
51
Calculate the remainder when 155 is divided by 63.
29
Calculate the remainder when 5499 is divided by 14.
11
Calculate the remainder when 353 is divided by 353.
0
Calculate the remainder when 4864 is divided by 6.
4
Calculate the remainder when 761 is divided by 109.
107
Calculate the remainder when 385 is divided by 366.
19
What is the remainder when 173 is divided by 14?
5
Calculate the remainder when 225 is divided by 61.
42
What is the remainder when 113 is divided by 66?
47
Calculate the remainder when 108 is divided by 37.
34
Calculate the remainder when 1324 is divided by 166.
162
Calculate the remainder when 138 is divided by 45.
3
Calculate the remainder when 257 is divided by 13.
10
What is the remainder when 44 is divided by 33?
11
What is the remainder when 40 is divided by 26?
14
Calculate the remainder when 162 is divided by 33.
30
Calculate the remainder when 45 is divided by 29.
16
Calculate the remainder when 576 is divided by 29.
25
Calculate the remainder when 3204 is divided by 94.
8
What is the remainder when 309 is divided by 26?
23
Calculate the remainder when 104 is divided by 86.
18
What is the remainder when 38 is divided by 16?
6
What is the remainder when 173 is divided by 6?
5
What is the remainder when 5756 is divided by 144?
140
What is the remainder when 239 is divided by 22?
19
What is the remainder when 148 is divided by 11?
5
What is the remainder when 1375 is divided by 138?
133
Calculate the remainder when 2933 is divided by 72.
53
Calculate the remainder when 338 is divided by 20.
18
What is the remainder when 87 is divided by 22?
21
Calculate the remainder when 57 is divided by 6.
3
What is the remainder when 139 is divided by 13?
9
What is the remainder when 514 is divided by 13?
7
What is the remainder when 2482 is divided by 27?
25
What is the remainder when 549 is divided by 19?
17
Calculate the remainder when 301 is divided by 78.
67
What is the remainder when 1349 is divided by 54?
53
Calculate the remainder when 33486 is divided by 92.
90
What is the remainder when 174 is divided by 35?
34
Calculate the remainder when 32 is divided by 11.
10
Calculate the remainder when 953 is divided by 40.
33
What is the remainder when 2491 is divided by 89?
88
What is the remainder when 168 is divided by 10?
8
What is the remainder when 1225 is divided by 206?
195
Calculate the remainder when 885 is divided by 191.
121
Calculate the remainder when 3287 is divided by 194.
183
What is the remainder when 323 is divided by 12?
11
Calculate the remainder when 6108 is divided by 339.
6
Calculate the remainder when 866 is divided by 149.
121
Calculate the remainder when 164 is divided by 87.
77
Calculate the remainder when 450 is divided by 133.
51
What is the remainder when 135 is divided by 37?
24
Calculate the remainder when 215 is divided by 49.
19
Calculate the remainder when 349 is divided by 88.
85
What is the remainder when 34 is divided by 12?
10
Calculate the remainder when 16013 is divided by 143.
140
What is the remainder when 34 is divided by 24?
10
What is the remainder when 669 is divided by 176?
141
Calculate the remainder when 50 is divided by 7.
1
Calculate the remainder when 39 is divided by 2.
1
What is the remainder when 1356 is divided by 3?
0
Calculate the remainder when 1077 is divided by 54.
51
What is the remainder when 649 is divided by 182?
103
What is the remainder when 2699 is divided by 150?
149
Calculate the remainder when 187 is divided by 38.
35
What is the remainder when 28 is divided by 10?
8
Calculate the remainder when 7394 is divided by 18.
14
What is the remainder when 234 is divided by 44?
14
Calculate the remainder when 1052 is divided by 13.
12
Calculate the remainder when 101 is divided by 84.
17
What is the remainder when 478 is divided by 13?
10
What is the remainder when 2567 is divided by 136?
119
What is the remainder when 517 is divided by 185?
147
Calculate the remainder when 1032 is divided by 148.
144
Calculate the remainder when 876 is divided by 429.
18
Calculate the remainder when 734 is divided by 21.
20
What is the remainder when 301 is divided by 38?
35
What is the remainder when 162 is divided by 49?
15
Calculate the remainder when 186 is divided by 47.
45
What is the remainder when 1286 is divided by 39?
38
Calculate the remainder when 5310 is divided by 35.
25
What is the remainder when 431 is divided by 55?
46
What is the remainder when 4249 is divided by 125?
124
What is the remainder when 273 is divided by 25?
23
Calculate the remainder when 499 is divided by 12.
7
Calculate the remainder when 474 is divided by 17.
15
Calculate the remainder when 364 is divided by 40.
4
Calculate the remainder when 3719 is divided by 51.
47
Calculate the remainder when 2066 is divided by 99.
86
Calculate the remainder when 898 is divided by 22.
18
What is the remainder when 1172 is divided by 25?
22
Calculate the remainder when 1561 is divided by 67.
20
Calculate the remainder when 23 is divided by 9.
5
What is the remainder when 196 is divided by 157?
39
What is the remainder when 548 is divided by 24?
20
What is the remainder when 150 is divided by 47?
9
What is the remainder when 644 is divided by 129?
128
Calculate the remainder when 329 is divided by 84.
77
Calculate the remainder when 55 is divided by 31.
24
Calculate the remainder when 179 is divided by 49.
32
Calculate the remainder when 2359 is divided by 139.
135
Calculate the remainder when 325 is divided by 84.
73
What is the remainder when 906 is divided by 39?
9
What is the remainder when 430 is divided by 24?
22
Calculate the remainder when 2989 is divided by 335.
309
Calculate the remainder when 2110 is divided by 29.
22
What is the remainder when 191 is divided by 61?
8
Calculate the remainder when 338 is divided by 97.
47
What is the remainder when 1476 is divided by 211?
210
What is the remainder when 427 is divided by 39?
37
What is the remainder when 6094 is divided by 47?
31
Calculate the remainder when 1255 is divided by 63.
58
What is the remainder when 12108 is divided by 173?
171
What is the remainder when 813 is divided by 6?
3
What is the remainder when 886 is divided by 14?
4
Calculate the remainder when 1888 is divided by 629.
1
Calculate the remainder when 7 is divided by 5.
2
What is the remainder when 132 is divided by 107?
25
What is the remainder when 39 is divided by 37?
2
Calculate the remainder when 245 is divided by 28.
21
Calculate the remainder when 377 is divided by 98.
83
What is the remainder when 2670 is divided by 99?
96
Calculate the remainder when 4432 is divided by 193.
186
What is the remainder when 250 is divided by 104?
42
What is the remainder when 4031 is divided by 14?
13
What is the remainder when 12 is divided by 11?
1
Calculate the remainder when 2329 is divided by 10.
9
What i